{"id":1699,"date":"2023-08-02T11:47:43","date_gmt":"2023-08-02T11:47:43","guid":{"rendered":"https:\/\/gsd-eu.org\/?page_id=1699"},"modified":"2023-08-02T11:47:43","modified_gmt":"2023-08-02T11:47:43","slug":"eco-race","status":"publish","type":"page","link":"https:\/\/disc-eu.org\/index.php\/eco-race\/","title":{"rendered":"ECO Race"},"content":{"rendered":"\t\t<div data-elementor-type=\"wp-page\" data-elementor-id=\"1699\" class=\"elementor elementor-1699\">\n\t\t\t\t\t\t<section class=\"elementor-section elementor-top-section elementor-element elementor-element-4a2d65e1 elementor-section-boxed elementor-section-height-default elementor-section-height-default\" data-id=\"4a2d65e1\" data-element_type=\"section\" data-e-type=\"section\">\n\t\t\t\t\t\t<div class=\"elementor-container elementor-column-gap-default\">\n\t\t\t\t\t<div class=\"elementor-column elementor-col-50 elementor-top-column elementor-element elementor-element-7a05d164\" data-id=\"7a05d164\" data-element_type=\"column\" data-e-type=\"column\">\n\t\t\t<div class=\"elementor-widget-wrap elementor-element-populated\">\n\t\t\t\t\t\t<div class=\"elementor-element elementor-element-4f3b30e6 elementor-widget elementor-widget-heading\" data-id=\"4f3b30e6\" data-element_type=\"widget\" data-e-type=\"widget\" data-widget_type=\"heading.default\">\n\t\t\t\t<div class=\"elementor-widget-container\">\n\t\t\t\t\t<h3 class=\"elementor-heading-title elementor-size-default\">ECO Race<\/h3>\t\t\t\t<\/div>\n\t\t\t\t<\/div>\n\t\t\t\t<div class=\"elementor-element elementor-element-adf26e7 elementor-widget-divider--view-line elementor-widget elementor-widget-divider\" data-id=\"adf26e7\" data-element_type=\"widget\" data-e-type=\"widget\" data-widget_type=\"divider.default\">\n\t\t\t\t<div class=\"elementor-widget-container\">\n\t\t\t\t\t\t\t<div class=\"elementor-divider\">\n\t\t\t<span class=\"elementor-divider-separator\">\n\t\t\t\t\t\t<\/span>\n\t\t<\/div>\n\t\t\t\t\t\t<\/div>\n\t\t\t\t<\/div>\n\t\t\t\t\t<\/div>\n\t\t<\/div>\n\t\t\t\t<div class=\"elementor-column elementor-col-50 elementor-top-column elementor-element elementor-element-7a90e79f\" data-id=\"7a90e79f\" data-element_type=\"column\" data-e-type=\"column\">\n\t\t\t<div class=\"elementor-widget-wrap elementor-element-populated\">\n\t\t\t\t\t\t<div class=\"elementor-element elementor-element-71b8e1fc elementor-widget elementor-widget-image\" data-id=\"71b8e1fc\" data-element_type=\"widget\" data-e-type=\"widget\" data-widget_type=\"image.default\">\n\t\t\t\t<div class=\"elementor-widget-container\">\n\t\t\t\t\t\t\t\t\t\t\t\t\t\t\t<img decoding=\"async\" src=\"https:\/\/gsd-eu.org\/wp-content\/uploads\/2023\/08\/eco-race1.webp\" title=\"\" alt=\"\" loading=\"lazy\" \/>\t\t\t\t\t\t\t\t\t\t\t\t\t\t\t<\/div>\n\t\t\t\t<\/div>\n\t\t\t\t\t<\/div>\n\t\t<\/div>\n\t\t\t\t\t<\/div>\n\t\t<\/section>\n\t\t\t\t<section class=\"elementor-section elementor-top-section elementor-element elementor-element-6f760f47 elementor-section-boxed elementor-section-height-default elementor-section-height-default\" data-id=\"6f760f47\" data-element_type=\"section\" data-e-type=\"section\">\n\t\t\t\t\t\t<div class=\"elementor-container elementor-column-gap-default\">\n\t\t\t\t\t<div class=\"elementor-column elementor-col-50 elementor-top-column elementor-element elementor-element-37beeae3\" data-id=\"37beeae3\" data-element_type=\"column\" data-e-type=\"column\">\n\t\t\t<div class=\"elementor-widget-wrap elementor-element-populated\">\n\t\t\t\t\t\t<div class=\"elementor-element elementor-element-4e3ef821 elementor-widget elementor-widget-image\" data-id=\"4e3ef821\" data-element_type=\"widget\" data-e-type=\"widget\" data-widget_type=\"image.default\">\n\t\t\t\t<div class=\"elementor-widget-container\">\n\t\t\t\t\t\t\t\t\t\t\t\t\t\t\t<img decoding=\"async\" src=\"https:\/\/gsd-eu.org\/wp-content\/uploads\/2023\/08\/eco-race4.png\" title=\"\" alt=\"\" loading=\"lazy\" \/>\t\t\t\t\t\t\t\t\t\t\t\t\t\t\t<\/div>\n\t\t\t\t<\/div>\n\t\t\t\t\t<\/div>\n\t\t<\/div>\n\t\t\t\t<div class=\"elementor-column elementor-col-50 elementor-top-column elementor-element elementor-element-bd8546e\" data-id=\"bd8546e\" data-element_type=\"column\" data-e-type=\"column\">\n\t\t\t<div class=\"elementor-widget-wrap elementor-element-populated\">\n\t\t\t\t\t\t<div class=\"elementor-element elementor-element-7bc66d73 elementor-widget elementor-widget-text-editor\" data-id=\"7bc66d73\" data-element_type=\"widget\" data-e-type=\"widget\" data-widget_type=\"text-editor.default\">\n\t\t\t\t<div class=\"elementor-widget-container\">\n\t\t\t\t\t\t\t\t\t<p>The ECO Race initiative is a 60-day game where players are invited to compete with other players, answer questions, increase their knowledge about themselves and the environment they live in, and win attractive prizes.The ECO Race initiative is a 60-day game where players are invited to compete with other players, answer questions, increase their knowledge about themselves and the environment they live in, and win attractive prizes.<\/p><p>Anyone can take part in the game. Participants have the opportunity to win increasingly valuable prizes each time they reach an appropriate level. The winners are chosen by lot.<\/p>\t\t\t\t\t\t\t\t<\/div>\n\t\t\t\t<\/div>\n\t\t\t\t<div class=\"elementor-element elementor-element-f595e60 elementor-widget elementor-widget-spacer\" data-id=\"f595e60\" data-element_type=\"widget\" data-e-type=\"widget\" data-widget_type=\"spacer.default\">\n\t\t\t\t<div class=\"elementor-widget-container\">\n\t\t\t\t\t\t\t<div class=\"elementor-spacer\">\n\t\t\t<div class=\"elementor-spacer-inner\"><\/div>\n\t\t<\/div>\n\t\t\t\t\t\t<\/div>\n\t\t\t\t<\/div>\n\t\t\t\t\t<\/div>\n\t\t<\/div>\n\t\t\t\t\t<\/div>\n\t\t<\/section>\n\t\t\t\t<section class=\"elementor-section elementor-top-section elementor-element elementor-element-448fdb03 elementor-section-boxed elementor-section-height-default elementor-section-height-default\" data-id=\"448fdb03\" data-element_type=\"section\" data-e-type=\"section\">\n\t\t\t\t\t\t<div class=\"elementor-container elementor-column-gap-default\">\n\t\t\t\t\t<div class=\"elementor-column elementor-col-100 elementor-top-column elementor-element elementor-element-5ec92b76\" data-id=\"5ec92b76\" data-element_type=\"column\" data-e-type=\"column\">\n\t\t\t<div class=\"elementor-widget-wrap elementor-element-populated\">\n\t\t\t\t\t\t<div class=\"elementor-element elementor-element-36e725d5 elementor-widget-divider--view-line elementor-widget elementor-widget-divider\" data-id=\"36e725d5\" data-element_type=\"widget\" data-e-type=\"widget\" data-widget_type=\"divider.default\">\n\t\t\t\t<div class=\"elementor-widget-container\">\n\t\t\t\t\t\t\t<div class=\"elementor-divider\">\n\t\t\t<span class=\"elementor-divider-separator\">\n\t\t\t\t\t\t<\/span>\n\t\t<\/div>\n\t\t\t\t\t\t<\/div>\n\t\t\t\t<\/div>\n\t\t\t\t<div class=\"elementor-element elementor-element-39e370a6 elementor-widget elementor-widget-eael-adv-tabs\" data-id=\"39e370a6\" data-element_type=\"widget\" data-e-type=\"widget\" data-widget_type=\"eael-adv-tabs.default\">\n\t\t\t\t<div class=\"elementor-widget-container\">\n\t\t\t\t\t        <div data-scroll-on-click=\"no\" data-scroll-speed=\"300\" id=\"eael-advance-tabs-39e370a6\" class=\"eael-advance-tabs eael-tabs-horizontal eael-tab-auto-active \" data-tabid=\"39e370a6\">\n            <div class=\"eael-tabs-nav \">\n                <ul class=\"eael-tab-inline-icon\" role=\"tablist\">\n                                            <li id=\"more-info\" class=\"inactive eael-tab-item-trigger eael-tab-nav-item\" aria-selected=\"true\" data-tab=\"1\" role=\"tab\" tabindex=\"0\" aria-controls=\"more-info-tab\" aria-expanded=\"false\">\n                            \n                                                                <i class=\"fas fa-info-circle\"><\/i>                                                            \n                                                            <span class=\"eael-tab-title title-after-icon\" >More Info<\/span>                            \n                                                    <\/li>\n                                            <li id=\"gallery\" class=\"inactive eael-tab-item-trigger eael-tab-nav-item\" aria-selected=\"false\" data-tab=\"2\" role=\"tab\" tabindex=\"-1\" aria-controls=\"gallery-tab\" aria-expanded=\"false\">\n                            \n                                                                <i class=\"fas fa-images\"><\/i>                                                            \n                                                            <span class=\"eael-tab-title title-after-icon\" >Gallery<\/span>                            \n                                                    <\/li>\n                                            <li id=\"video\" class=\"inactive eael-tab-item-trigger eael-tab-nav-item\" aria-selected=\"false\" data-tab=\"3\" role=\"tab\" tabindex=\"-1\" aria-controls=\"video-tab\" aria-expanded=\"false\">\n                            \n                                                                <i class=\"fas fa-video\"><\/i>                                                            \n                                                            <span class=\"eael-tab-title title-after-icon\" >Video<\/span>                            \n                                                    <\/li>\n                                            <li id=\"contact\" class=\"inactive eael-tab-item-trigger eael-tab-nav-item\" aria-selected=\"false\" data-tab=\"4\" role=\"tab\" tabindex=\"-1\" aria-controls=\"contact-tab\" aria-expanded=\"false\">\n                            \n                                                                <i class=\"fas fa-address-card\"><\/i>                                                            \n                                                            <span class=\"eael-tab-title title-after-icon\" >Contact<\/span>                            \n                                                    <\/li>\n                    \n                                  <\/ul>\n            <\/div>\n            \n            <div class=\"eael-tabs-content\">\n\t\t        \n                    <div id=\"more-info-tab\" class=\"clearfix eael-tab-content-item inactive\" data-title-link=\"more-info-tab\">\n\t\t\t\t        <p><span style=\"text-decoration: underline\">Challenge<\/span><\/p><p><span style=\"font-weight: 400\">Learning is one of life&#8217;s most valuable skills.\u00a0 But adults usually forget that one of the best and easiest ways to learn is to play.<\/span><\/p><p><span style=\"text-decoration: underline\">Target group<\/span><\/p><p><span style=\"font-weight: 400\">Adults and others<\/span><\/p><p><span style=\"text-decoration: underline\">Solution<\/span><\/p><p><span style=\"font-weight: 400\">ECO Race is a project initiated by the Public Enterprise Deposit Scheme Administrator to provide an attractive and engaging way to<\/span><\/p><p><span style=\"font-weight: 400\">to educate and inform the public about environmental protection and to encourage them to become part of the circular economy &#8211; to sort, use deposit system and be a responsible member of society.<\/span><\/p><p><span style=\"text-decoration: underline\">Innovation<\/span><\/p><p><span style=\"font-weight: 400\">Learning by playing, i.e. actively participating in the game. A game App<\/span><span style=\"font-weight: 400\"> \u201e<\/span><span style=\"font-weight: 400\">EKO lenktyn\u0117s (ECO Race)\u201d is created.<\/span><\/p><p><span style=\"text-decoration: underline\">Unique Selling Point<\/span><\/p><p><span style=\"font-weight: 400\">A game App<\/span><span style=\"font-weight: 400\"> \u201e<\/span><span style=\"font-weight: 400\">EKO lenktyn\u0117s (ECO Race)\u201d (see in Goole Play Store) (<\/span><a href=\"https:\/\/play.google.com\/store\/apps\/details?id=com.fabula.nel\"><span style=\"font-weight: 400\">https:\/\/play.google.com\/store\/apps\/details?id=com.fabula.nel<\/span><\/a><span style=\"font-weight: 400\">)\u00a0<\/span><\/p><p><span style=\"text-decoration: underline\">Impact<\/span><\/p><p><span style=\"font-weight: 400\">ECO Race 2022 attracted more than 30,000 players from all over Lithuania. 500 questions were prepared especially for the game, covering the impact of human activity on the environment, climate change, nature, technology and the circular economy.<\/span><\/p>                    <\/div>\n\t\t        \n                    <div id=\"gallery-tab\" class=\"clearfix eael-tab-content-item inactive\" data-title-link=\"gallery-tab\">\n\t\t\t\t                            <\/div>\n\t\t        \n                    <div id=\"video-tab\" class=\"clearfix eael-tab-content-item inactive\" data-title-link=\"video-tab\">\n\t\t\t\t        <p>https:\/\/www.facebook.com\/grazintiverta\/videos<\/p>                    <\/div>\n\t\t        \n                    <div id=\"contact-tab\" class=\"clearfix eael-tab-content-item inactive\" data-title-link=\"contact-tab\">\n\t\t\t\t        <p><span style=\"font-weight: 400\">Head Gintaras Varnas<\/span><\/p><p><span style=\"font-weight: 400\">V\u0161\u012e U\u017estato sistemos\u00a0<\/span><\/p><p><span style=\"font-weight: 400\">Tel.: +370<\/span> <span style=\"font-weight: 400\">5 203 1210<\/span><\/p><p><span style=\"font-weight: 400\">http:\/\/www.grazintiverta.lt<\/span><\/p><p><a href=\"https:\/\/grazintiverta.lt\/apie\/17\"><span style=\"font-weight: 400\">https:\/\/grazintiverta.lt\/apie\/17<\/span><\/a><\/p><p><span style=\"font-weight: 400\">Facebook:\u00a0<\/span><\/p><p><span style=\"font-weight: 400\"><br \/><\/span><a href=\"https:\/\/www.facebook.com\/grazintiverta\"><span style=\"font-weight: 400\">https:\/\/www.facebook.com\/grazintiverta<\/span><\/a><\/p>                    <\/div>\n\t\t                    <\/div>\n        <\/div>\n\t\t\t\t<\/div>\n\t\t\t\t<\/div>\n\t\t\t\t\t<\/div>\n\t\t<\/div>\n\t\t\t\t\t<\/div>\n\t\t<\/section>\n\t\t\t\t<section class=\"elementor-section elementor-top-section elementor-element elementor-element-3d33c202 elementor-section-boxed elementor-section-height-default elementor-section-height-default\" data-id=\"3d33c202\" data-element_type=\"section\" data-e-type=\"section\">\n\t\t\t\t\t\t<div class=\"elementor-container elementor-column-gap-default\">\n\t\t\t\t\t<div class=\"elementor-column elementor-col-100 elementor-top-column elementor-element elementor-element-62e0b9ff\" data-id=\"62e0b9ff\" data-element_type=\"column\" data-e-type=\"column\">\n\t\t\t<div class=\"elementor-widget-wrap elementor-element-populated\">\n\t\t\t\t\t\t<div class=\"elementor-element elementor-element-4461a347 elementor-widget elementor-widget-progress\" data-id=\"4461a347\" data-element_type=\"widget\" data-e-type=\"widget\" data-widget_type=\"progress.default\">\n\t\t\t\t<div class=\"elementor-widget-container\">\n\t\t\t\t\t\t\t\t<span class=\"elementor-title\" id=\"elementor-progress-bar-4461a347\">\n\t\t\t\tIdea\t\t\t<\/span>\n\t\t\n\t\t<div aria-labelledby=\"elementor-progress-bar-4461a347\" class=\"elementor-progress-wrapper progress-success\" role=\"progressbar\" aria-valuemin=\"0\" aria-valuemax=\"100\" aria-valuenow=\"86\" aria-valuetext=\"86% (Potential)\">\n\t\t\t<div class=\"elementor-progress-bar\" data-max=\"86\">\n\t\t\t\t<span class=\"elementor-progress-text\">Potential<\/span>\n\t\t\t\t\t\t\t\t\t<span class=\"elementor-progress-percentage\">86%<\/span>\n\t\t\t\t\t\t\t<\/div>\n\t\t<\/div>\n\t\t\t\t\t\t<\/div>\n\t\t\t\t<\/div>\n\t\t\t\t<div class=\"elementor-element elementor-element-51b61f1e elementor-widget elementor-widget-spacer\" data-id=\"51b61f1e\" data-element_type=\"widget\" data-e-type=\"widget\" data-widget_type=\"spacer.default\">\n\t\t\t\t<div class=\"elementor-widget-container\">\n\t\t\t\t\t\t\t<div class=\"elementor-spacer\">\n\t\t\t<div class=\"elementor-spacer-inner\"><\/div>\n\t\t<\/div>\n\t\t\t\t\t\t<\/div>\n\t\t\t\t<\/div>\n\t\t\t\t\t<\/div>\n\t\t<\/div>\n\t\t\t\t\t<\/div>\n\t\t<\/section>\n\t\t\t\t<section class=\"elementor-section elementor-top-section elementor-element elementor-element-2ddb540a elementor-section-boxed elementor-section-height-default elementor-section-height-default\" data-id=\"2ddb540a\" data-element_type=\"section\" data-e-type=\"section\">\n\t\t\t\t\t\t<div class=\"elementor-container elementor-column-gap-default\">\n\t\t\t\t\t<div class=\"elementor-column elementor-col-25 elementor-top-column elementor-element elementor-element-26765a01\" data-id=\"26765a01\" data-element_type=\"column\" data-e-type=\"column\">\n\t\t\t<div class=\"elementor-widget-wrap elementor-element-populated\">\n\t\t\t\t\t\t<div class=\"elementor-element elementor-element-638da176 premium-lq__none elementor-widget elementor-widget-premium-addon-button\" data-id=\"638da176\" data-element_type=\"widget\" data-e-type=\"widget\" data-widget_type=\"premium-addon-button.default\">\n\t\t\t\t<div class=\"elementor-widget-container\">\n\t\t\t\t\t\n\n\t\t<a class=\"premium-button premium-button-none premium-btn-md premium-button-none\" href=\"https:\/\/gsd-eu.org\/outputs\/\">\n\t\t\t<div class=\"premium-button-text-icon-wrapper\">\n\t\t\t\t\n\t\t\t\t\t\t\t\t\t<span >\n\t\t\t\t\t\tBack\t\t\t\t\t<\/span>\n\t\t\t\t\t\t\t<\/div>\n\n\t\t\t\n\t\t\t\n\t\t\t\n\t\t<\/a>\n\n\n\t\t\t\t\t\t<\/div>\n\t\t\t\t<\/div>\n\t\t\t\t\t<\/div>\n\t\t<\/div>\n\t\t\t\t<div class=\"elementor-column elementor-col-25 elementor-top-column elementor-element elementor-element-5f0d2559\" data-id=\"5f0d2559\" data-element_type=\"column\" data-e-type=\"column\">\n\t\t\t<div class=\"elementor-widget-wrap\">\n\t\t\t\t\t\t\t<\/div>\n\t\t<\/div>\n\t\t\t\t<div class=\"elementor-column elementor-col-50 elementor-top-column elementor-element elementor-element-69a5c196\" data-id=\"69a5c196\" data-element_type=\"column\" data-e-type=\"column\">\n\t\t\t<div class=\"elementor-widget-wrap\">\n\t\t\t\t\t\t\t<\/div>\n\t\t<\/div>\n\t\t\t\t\t<\/div>\n\t\t<\/section>\n\t\t\t\t<\/div>\n\t\t","protected":false},"excerpt":{"rendered":"<p>ECO Race The ECO Race initiative is a 60-day game where players are invited to compete with other players, answer questions, increase their knowledge about themselves and the environment they live in, and win attractive prizes.The ECO Race initiative is a 60-day game where players are invited to compete with other players, answer questions, increase [&hellip;]<\/p>\n","protected":false},"author":3,"featured_media":0,"parent":0,"menu_order":0,"comment_status":"closed","ping_status":"closed","template":"","meta":{"footnotes":""},"q21pr_SDG":[],"q21_community_exp":[],"q21_sdg_student":[],"class_list":["post-1699","page","type-page","status-publish","hentry"],"blocksy_meta":{"styles_descriptor":{"styles":{"desktop":"","tablet":"","mobile":""},"google_fonts":[],"version":6}},"_links":{"self":[{"href":"https:\/\/disc-eu.org\/index.php\/wp-json\/wp\/v2\/pages\/1699","targetHints":{"allow":["GET"]}}],"collection":[{"href":"https:\/\/disc-eu.org\/index.php\/wp-json\/wp\/v2\/pages"}],"about":[{"href":"https:\/\/disc-eu.org\/index.php\/wp-json\/wp\/v2\/types\/page"}],"author":[{"embeddable":true,"href":"https:\/\/disc-eu.org\/index.php\/wp-json\/wp\/v2\/users\/3"}],"replies":[{"embeddable":true,"href":"https:\/\/disc-eu.org\/index.php\/wp-json\/wp\/v2\/comments?post=1699"}],"version-history":[{"count":0,"href":"https:\/\/disc-eu.org\/index.php\/wp-json\/wp\/v2\/pages\/1699\/revisions"}],"wp:attachment":[{"href":"https:\/\/disc-eu.org\/index.php\/wp-json\/wp\/v2\/media?parent=1699"}],"wp:term":[{"taxonomy":"q21pr_SDG","embeddable":true,"href":"https:\/\/disc-eu.org\/index.php\/wp-json\/wp\/v2\/q21pr_SDG?post=1699"},{"taxonomy":"q21_community_exp","embeddable":true,"href":"https:\/\/disc-eu.org\/index.php\/wp-json\/wp\/v2\/q21_community_exp?post=1699"},{"taxonomy":"q21_sdg_student","embeddable":true,"href":"https:\/\/disc-eu.org\/index.php\/wp-json\/wp\/v2\/q21_sdg_student?post=1699"}],"curies":[{"name":"wp","href":"https:\/\/api.w.org\/{rel}","templated":true}]}}