{"id":1853,"date":"2023-08-03T08:58:21","date_gmt":"2023-08-03T08:58:21","guid":{"rendered":"https:\/\/gsd-eu.org\/?page_id=1853"},"modified":"2023-08-03T08:58:21","modified_gmt":"2023-08-03T08:58:21","slug":"sustainable-entrepreneurship-2030","status":"publish","type":"page","link":"https:\/\/disc-eu.org\/index.php\/sustainable-entrepreneurship-2030\/","title":{"rendered":"Sustainable Entrepreneurship 2030"},"content":{"rendered":"\t\t<div data-elementor-type=\"wp-page\" data-elementor-id=\"1853\" class=\"elementor elementor-1853\">\n\t\t\t\t\t\t<section class=\"elementor-section elementor-top-section elementor-element elementor-element-70ef240 elementor-section-boxed elementor-section-height-default elementor-section-height-default\" data-id=\"70ef240\" data-element_type=\"section\" data-e-type=\"section\">\n\t\t\t\t\t\t<div class=\"elementor-container elementor-column-gap-default\">\n\t\t\t\t\t<div class=\"elementor-column elementor-col-50 elementor-top-column elementor-element elementor-element-aa0f3e9\" data-id=\"aa0f3e9\" data-element_type=\"column\" data-e-type=\"column\">\n\t\t\t<div class=\"elementor-widget-wrap elementor-element-populated\">\n\t\t\t\t\t\t<div class=\"elementor-element elementor-element-38aa632f elementor-widget elementor-widget-heading\" data-id=\"38aa632f\" data-element_type=\"widget\" data-e-type=\"widget\" data-widget_type=\"heading.default\">\n\t\t\t\t<div class=\"elementor-widget-container\">\n\t\t\t\t\t<h3 class=\"elementor-heading-title elementor-size-default\">Sustainable Entrepreneurship 2030<\/h3>\t\t\t\t<\/div>\n\t\t\t\t<\/div>\n\t\t\t\t<div class=\"elementor-element elementor-element-45b0cba7 elementor-widget-divider--view-line elementor-widget elementor-widget-divider\" data-id=\"45b0cba7\" data-element_type=\"widget\" data-e-type=\"widget\" data-widget_type=\"divider.default\">\n\t\t\t\t<div class=\"elementor-widget-container\">\n\t\t\t\t\t\t\t<div class=\"elementor-divider\">\n\t\t\t<span class=\"elementor-divider-separator\">\n\t\t\t\t\t\t<\/span>\n\t\t<\/div>\n\t\t\t\t\t\t<\/div>\n\t\t\t\t<\/div>\n\t\t\t\t\t<\/div>\n\t\t<\/div>\n\t\t\t\t<div class=\"elementor-column elementor-col-50 elementor-top-column elementor-element elementor-element-6da4fa37\" data-id=\"6da4fa37\" data-element_type=\"column\" data-e-type=\"column\">\n\t\t\t<div class=\"elementor-widget-wrap elementor-element-populated\">\n\t\t\t\t\t\t<div class=\"elementor-element elementor-element-71b8e1fc elementor-widget elementor-widget-image\" data-id=\"71b8e1fc\" data-element_type=\"widget\" data-e-type=\"widget\" data-widget_type=\"image.default\">\n\t\t\t\t<div class=\"elementor-widget-container\">\n\t\t\t\t\t\t\t\t\t\t\t\t\t\t\t<img decoding=\"async\" src=\"https:\/\/gsd-eu.org\/wp-content\/uploads\/2023\/08\/SustainableE2030_logo.png\" title=\"\" alt=\"\" loading=\"lazy\" \/>\t\t\t\t\t\t\t\t\t\t\t\t\t\t\t<\/div>\n\t\t\t\t<\/div>\n\t\t\t\t\t<\/div>\n\t\t<\/div>\n\t\t\t\t\t<\/div>\n\t\t<\/section>\n\t\t\t\t<section class=\"elementor-section elementor-top-section elementor-element elementor-element-79559248 elementor-section-boxed elementor-section-height-default elementor-section-height-default\" data-id=\"79559248\" data-element_type=\"section\" data-e-type=\"section\">\n\t\t\t\t\t\t<div class=\"elementor-container elementor-column-gap-default\">\n\t\t\t\t\t<div class=\"elementor-column elementor-col-50 elementor-top-column elementor-element elementor-element-c30cbe5\" data-id=\"c30cbe5\" data-element_type=\"column\" data-e-type=\"column\">\n\t\t\t<div class=\"elementor-widget-wrap elementor-element-populated\">\n\t\t\t\t\t\t<div class=\"elementor-element elementor-element-dc5015d elementor-arrows-position-inside elementor-pagination-position-outside elementor-widget elementor-widget-image-carousel\" data-id=\"dc5015d\" data-element_type=\"widget\" data-e-type=\"widget\" data-settings=\"{&quot;slides_to_show&quot;:&quot;1&quot;,&quot;navigation&quot;:&quot;both&quot;,&quot;autoplay&quot;:&quot;yes&quot;,&quot;pause_on_hover&quot;:&quot;yes&quot;,&quot;pause_on_interaction&quot;:&quot;yes&quot;,&quot;autoplay_speed&quot;:5000,&quot;infinite&quot;:&quot;yes&quot;,&quot;effect&quot;:&quot;slide&quot;,&quot;speed&quot;:500}\" data-widget_type=\"image-carousel.default\">\n\t\t\t\t<div class=\"elementor-widget-container\">\n\t\t\t\t\t\t\t<div class=\"elementor-image-carousel-wrapper swiper\" role=\"region\" aria-roledescription=\"carousel\" aria-label=\"Image Carousel\" dir=\"ltr\">\n\t\t\t<div class=\"elementor-image-carousel swiper-wrapper\" aria-live=\"off\">\n\t\t\t\t\t\t\t\t<div class=\"swiper-slide\" role=\"group\" aria-roledescription=\"slide\" aria-label=\"1 of 5\"><figure class=\"swiper-slide-inner\"><img decoding=\"async\" class=\"swiper-slide-image\" src=\"https:\/\/gsd-eu.org\/wp-content\/uploads\/2023\/08\/SustainableE2030_5.jpg\" alt=\"\" \/><\/figure><\/div><div class=\"swiper-slide\" role=\"group\" aria-roledescription=\"slide\" aria-label=\"2 of 5\"><figure class=\"swiper-slide-inner\"><img decoding=\"async\" class=\"swiper-slide-image\" src=\"https:\/\/gsd-eu.org\/wp-content\/uploads\/2023\/08\/SustainableE2030_4.jpg\" alt=\"\" \/><\/figure><\/div><div class=\"swiper-slide\" role=\"group\" aria-roledescription=\"slide\" aria-label=\"3 of 5\"><figure class=\"swiper-slide-inner\"><img decoding=\"async\" class=\"swiper-slide-image\" src=\"https:\/\/gsd-eu.org\/wp-content\/uploads\/2023\/08\/SustainableE2030_3.jpg\" alt=\"\" \/><\/figure><\/div><div class=\"swiper-slide\" role=\"group\" aria-roledescription=\"slide\" aria-label=\"4 of 5\"><figure class=\"swiper-slide-inner\"><img decoding=\"async\" class=\"swiper-slide-image\" src=\"https:\/\/gsd-eu.org\/wp-content\/uploads\/2023\/08\/SustainableE2030_2.jpg\" alt=\"\" \/><\/figure><\/div><div class=\"swiper-slide\" role=\"group\" aria-roledescription=\"slide\" aria-label=\"5 of 5\"><figure class=\"swiper-slide-inner\"><img decoding=\"async\" class=\"swiper-slide-image\" src=\"https:\/\/gsd-eu.org\/wp-content\/uploads\/2023\/08\/SustainableE2030_1.jpg\" alt=\"\" \/><\/figure><\/div>\t\t\t<\/div>\n\t\t\t\t\t\t\t\t\t\t\t\t<div class=\"elementor-swiper-button elementor-swiper-button-prev\" role=\"button\" tabindex=\"0\">\n\t\t\t\t\t\t<i aria-hidden=\"true\" class=\"eicon-chevron-left\"><\/i>\t\t\t\t\t<\/div>\n\t\t\t\t\t<div class=\"elementor-swiper-button elementor-swiper-button-next\" role=\"button\" tabindex=\"0\">\n\t\t\t\t\t\t<i aria-hidden=\"true\" class=\"eicon-chevron-right\"><\/i>\t\t\t\t\t<\/div>\n\t\t\t\t\n\t\t\t\t\t\t\t\t\t<div class=\"swiper-pagination\"><\/div>\n\t\t\t\t\t\t\t\t\t<\/div>\n\t\t\t\t\t\t<\/div>\n\t\t\t\t<\/div>\n\t\t\t\t\t<\/div>\n\t\t<\/div>\n\t\t\t\t<div class=\"elementor-column elementor-col-50 elementor-top-column elementor-element elementor-element-8c7fb2c\" data-id=\"8c7fb2c\" data-element_type=\"column\" data-e-type=\"column\">\n\t\t\t<div class=\"elementor-widget-wrap elementor-element-populated\">\n\t\t\t\t\t\t<div class=\"elementor-element elementor-element-4222ce91 elementor-widget elementor-widget-text-editor\" data-id=\"4222ce91\" data-element_type=\"widget\" data-e-type=\"widget\" data-widget_type=\"text-editor.default\">\n\t\t\t\t<div class=\"elementor-widget-container\">\n\t\t\t\t\t\t\t\t\t<p>Sustainable Entrepreneurship 2030 is a program for sustainable business development in Upplandsbygd&#8217;s catchment area. The program is aimed at entrepreneurs in Upplandsbygd who have ambitions to develop not only socially and economically, but also in a way that strengthens ecosystems.<\/p><h2>Purpose<\/h2><div><p>The purpose of the project is to strengthen sustainable entrepreneurship in the area and to facilitate the organizations that want to work with the business opportunities that are opened up through the transition to a more sustainable society.<\/p><p>In this program, it means developing and exploring opportunities for entrepreneurs in Upplandsbygd to take a few steps forward in their particular business in terms of sustainability together with others.\u00a0Participants in the program gain access to expertise in the areas of sustainable development and sustainable business development, both at group and individual level.<\/p><p>Each entrepreneur or company is also allocated resources to develop their business economically, socially and ecologically.\u00a0Every company can apply for investment grants in 2024. As a participant, you will have access to networks and pilot functions not only against entrepreneurs in the area, but also against the public and non-profit sectors.<\/p><p>The long-term ambition of the program is to, with this investment, create both new jobs and innovations.\u00a0Therefore, entrepreneurs who have these ambitions will be selected.<\/p><p>Eight entrepreneurs will be selected for this program.<\/p><\/div>\t\t\t\t\t\t\t\t<\/div>\n\t\t\t\t<\/div>\n\t\t\t\t\t<\/div>\n\t\t<\/div>\n\t\t\t\t\t<\/div>\n\t\t<\/section>\n\t\t\t\t<section class=\"elementor-section elementor-top-section elementor-element elementor-element-97d34a2 elementor-section-boxed elementor-section-height-default elementor-section-height-default\" data-id=\"97d34a2\" data-element_type=\"section\" data-e-type=\"section\">\n\t\t\t\t\t\t<div class=\"elementor-container elementor-column-gap-default\">\n\t\t\t\t\t<div class=\"elementor-column elementor-col-100 elementor-top-column elementor-element elementor-element-54d924b\" data-id=\"54d924b\" data-element_type=\"column\" data-e-type=\"column\">\n\t\t\t<div class=\"elementor-widget-wrap elementor-element-populated\">\n\t\t\t\t\t\t<div class=\"elementor-element elementor-element-6912e3b6 elementor-widget-divider--view-line elementor-widget elementor-widget-divider\" data-id=\"6912e3b6\" data-element_type=\"widget\" data-e-type=\"widget\" data-widget_type=\"divider.default\">\n\t\t\t\t<div class=\"elementor-widget-container\">\n\t\t\t\t\t\t\t<div class=\"elementor-divider\">\n\t\t\t<span class=\"elementor-divider-separator\">\n\t\t\t\t\t\t<\/span>\n\t\t<\/div>\n\t\t\t\t\t\t<\/div>\n\t\t\t\t<\/div>\n\t\t\t\t<div class=\"elementor-element elementor-element-103720e5 elementor-widget elementor-widget-eael-adv-tabs\" data-id=\"103720e5\" data-element_type=\"widget\" data-e-type=\"widget\" data-widget_type=\"eael-adv-tabs.default\">\n\t\t\t\t<div class=\"elementor-widget-container\">\n\t\t\t\t\t        <div data-scroll-on-click=\"no\" data-scroll-speed=\"300\" id=\"eael-advance-tabs-103720e5\" class=\"eael-advance-tabs eael-tabs-horizontal eael-tab-auto-active \" data-tabid=\"103720e5\">\n            <div class=\"eael-tabs-nav \">\n                <ul class=\"eael-tab-inline-icon\" role=\"tablist\">\n                                            <li id=\"more-info\" class=\"inactive eael-tab-item-trigger eael-tab-nav-item\" aria-selected=\"true\" data-tab=\"1\" role=\"tab\" tabindex=\"0\" aria-controls=\"more-info-tab\" aria-expanded=\"false\">\n                            \n                                                                <i class=\"fas fa-info-circle\"><\/i>                                                            \n                                                            <span class=\"eael-tab-title title-after-icon\" >More Info<\/span>                            \n                                                    <\/li>\n                                            <li id=\"gallery\" class=\"inactive eael-tab-item-trigger eael-tab-nav-item\" aria-selected=\"false\" data-tab=\"2\" role=\"tab\" tabindex=\"-1\" aria-controls=\"gallery-tab\" aria-expanded=\"false\">\n                            \n                                                                <i class=\"fas fa-images\"><\/i>                                                            \n                                                            <span class=\"eael-tab-title title-after-icon\" >Gallery<\/span>                            \n                                                    <\/li>\n                                            <li id=\"video\" class=\"inactive eael-tab-item-trigger eael-tab-nav-item\" aria-selected=\"false\" data-tab=\"3\" role=\"tab\" tabindex=\"-1\" aria-controls=\"video-tab\" aria-expanded=\"false\">\n                            \n                                                                <i class=\"fas fa-video\"><\/i>                                                            \n                                                            <span class=\"eael-tab-title title-after-icon\" >Video<\/span>                            \n                                                    <\/li>\n                                            <li id=\"contact\" class=\"inactive eael-tab-item-trigger eael-tab-nav-item\" aria-selected=\"false\" data-tab=\"4\" role=\"tab\" tabindex=\"-1\" aria-controls=\"contact-tab\" aria-expanded=\"false\">\n                            \n                                                                <i class=\"fas fa-address-card\"><\/i>                                                            \n                                                            <span class=\"eael-tab-title title-after-icon\" >Contact<\/span>                            \n                                                    <\/li>\n                    \n                                  <\/ul>\n            <\/div>\n            \n            <div class=\"eael-tabs-content\">\n\t\t        \n                    <div id=\"more-info-tab\" class=\"clearfix eael-tab-content-item inactive\" data-title-link=\"more-info-tab\">\n\t\t\t\t        <p><b>1. Challenge Tackled<\/b><\/p><p><span style=\"font-weight: 400\">We believe that sustainable development consists of three areas; ecological (biosphere), social (society), economic (economy), and that ecology is the basis for sustainable development.<\/span><\/p><p><span style=\"font-weight: 400\">Ecology is crucial, but that should not prevent us from also achieving goals such as innovation, prosperity and inclusion &#8211; as long as we stick to ecologically sustainable solutions.<\/span><\/p><p><span style=\"font-weight: 400\">We have prioritized nine areas within sustainable development. Within these, there are three ecological, three social and three economic aspects. The sustainability goals are indivisible, which means that you cannot achieve one goal at the expense of another. We have made a spider diagram to illustrate our areas of sustainability and to illustrate that the goals are indivisible. When you run and apply for projects with us, you will get to work with our &#8220;sustainability spider&#8221;.<\/span><\/p><p><b>2. Target group, beneficiaries or clients<\/b><\/p><ul><li><b>\u00a0\u00a0<\/b><span style=\"font-weight: 400\">Entrepreneurs, who want to develop sustainable business.<\/span><\/li><\/ul><p><b>3. Solution<\/b><\/p><ul><li><span style=\"font-weight: 400\">\u00a0\u00a0\u00a0<\/span><span style=\"font-weight: 400\">In this program, this means developing and exploring opportunities for entrepreneurs in Uppland&#8217;s rural areas to take some steps forward in their particular business in terms of sustainability together with others. Participants in the program gain access to expertise in the areas of sustainable development and sustainable business development, both at group and individual level.\u00a0<\/span><\/li><\/ul><p><b>4. Innovation<\/b><\/p><ul><li style=\"list-style-type: none\"><ul><li style=\"font-weight: 400\"><span style=\"font-weight: 400\">\u00a0\u00a0Each entrepreneur or company is also allocated resources to develop their business economically, socially and ecologically. As a participant, you will have access to networks and pilot functions not only against entrepreneurs in the area, but also against public authorities and associations.<\/span><\/li><li style=\"font-weight: 400\"><span style=\"font-weight: 400\">\u00a0<\/span><\/li><\/ul><\/li><\/ul><p><b>5. Unique Selling Point<\/b><\/p><ul><li style=\"list-style-type: none\"><ul><li style=\"font-weight: 400\"><span style=\"font-weight: 400\">\u00a0\u00a0\u00a0\u00a0<\/span><span style=\"font-weight: 400\">The basis of the program is commitment, openness and interactivity. Participants are expected to work both independently and in groups between seminars, advice and follow-up meetings. Participants are also expected to share experiences with the other participants. The approach to confidentiality within this program can be read on our website. The strength of the program is the collaboration between the different expertise of the participants and the different competencies of the program management.<\/span><\/li><\/ul><\/li><\/ul><p><b>6. Impact<\/b><\/p><ul><li><span style=\"font-weight: 400\">knowledge and insight into sustainable business development, both locally and in a larger perspective;<\/span><\/li><\/ul><ul><li style=\"list-style-type: none\"><ul><li style=\"font-weight: 400\"><span style=\"font-weight: 400\">available resources to entrepreneurs to implement sustainable business development;<\/span><\/li><li style=\"font-weight: 400\"><span style=\"font-weight: 400\">new jobs, services, products and innovations.<\/span><\/li><\/ul><\/li><\/ul><p><b>7. Feasibility\/Transferability<\/b><\/p><p><b>\u00a0\u00a0\u00a0\u00a0<\/b><span style=\"font-weight: 400\">The materials are available to any entrepreneur or organization who applied for the Sustainable Entrepreneurship 2030 program. <\/span><\/p>                    <\/div>\n\t\t        \n                    <div id=\"gallery-tab\" class=\"clearfix eael-tab-content-item inactive\" data-title-link=\"gallery-tab\">\n\t\t\t\t                            <\/div>\n\t\t        \n                    <div id=\"video-tab\" class=\"clearfix eael-tab-content-item inactive\" data-title-link=\"video-tab\">\n\t\t\t\t        <p><iframe title=\"S\u00f6k till H\u00e5llbart Entrepren\u00f6rskap 2030\" src=\"https:\/\/www.youtube.com\/embed\/VMsv-m53stQ\" width=\"1257\" height=\"707\" allowfullscreen=\"allowfullscreen\"><\/iframe><\/p>                    <\/div>\n\t\t        \n                    <div id=\"contact-tab\" class=\"clearfix eael-tab-content-item inactive\" data-title-link=\"contact-tab\">\n\t\t\t\t        <p>website: <a href=\"https:\/\/www.upplandsbygd.se\/mojligheter\/hallbart-entreprenorskap\/\"><span style=\"font-weight: 400\">https:\/\/www.upplandsbygd.se\/mojligheter\/hallbart-entreprenorskap\/<\/span><\/a><\/p><p><b>Contact Person: <\/b><b><br \/><\/b><a href=\"https:\/\/www.upplandsbygd.se\/mojligheter\/hallbart-entreprenorskap\/kontakt\/\"><span style=\"font-weight: 400\">https:\/\/www.upplandsbygd.se\/mojligheter\/hallbart-entreprenorskap\/kontakt\/<\/span><\/a><span style=\"font-weight: 400\">\u00a0<\/span><span style=\"font-weight: 400\"><br \/><\/span><\/p>                    <\/div>\n\t\t                    <\/div>\n        <\/div>\n\t\t\t\t<\/div>\n\t\t\t\t<\/div>\n\t\t\t\t\t<\/div>\n\t\t<\/div>\n\t\t\t\t\t<\/div>\n\t\t<\/section>\n\t\t\t\t<section class=\"elementor-section elementor-top-section elementor-element elementor-element-fdad176 elementor-section-boxed elementor-section-height-default elementor-section-height-default\" data-id=\"fdad176\" data-element_type=\"section\" data-e-type=\"section\">\n\t\t\t\t\t\t<div class=\"elementor-container elementor-column-gap-default\">\n\t\t\t\t\t<div class=\"elementor-column elementor-col-100 elementor-top-column elementor-element elementor-element-12c420ec\" data-id=\"12c420ec\" data-element_type=\"column\" data-e-type=\"column\">\n\t\t\t<div class=\"elementor-widget-wrap elementor-element-populated\">\n\t\t\t\t\t\t<div class=\"elementor-element elementor-element-2e936528 elementor-widget elementor-widget-progress\" data-id=\"2e936528\" data-element_type=\"widget\" data-e-type=\"widget\" data-widget_type=\"progress.default\">\n\t\t\t\t<div class=\"elementor-widget-container\">\n\t\t\t\t\t\t\t\t<span class=\"elementor-title\" id=\"elementor-progress-bar-2e936528\">\n\t\t\t\tIdea\t\t\t<\/span>\n\t\t\n\t\t<div aria-labelledby=\"elementor-progress-bar-2e936528\" class=\"elementor-progress-wrapper progress-success\" role=\"progressbar\" aria-valuemin=\"0\" aria-valuemax=\"100\" aria-valuenow=\"91\" aria-valuetext=\"91% (Potential)\">\n\t\t\t<div class=\"elementor-progress-bar\" data-max=\"91\">\n\t\t\t\t<span class=\"elementor-progress-text\">Potential<\/span>\n\t\t\t\t\t\t\t\t\t<span class=\"elementor-progress-percentage\">91%<\/span>\n\t\t\t\t\t\t\t<\/div>\n\t\t<\/div>\n\t\t\t\t\t\t<\/div>\n\t\t\t\t<\/div>\n\t\t\t\t<div class=\"elementor-element elementor-element-3afe23f3 elementor-widget elementor-widget-spacer\" data-id=\"3afe23f3\" data-element_type=\"widget\" data-e-type=\"widget\" data-widget_type=\"spacer.default\">\n\t\t\t\t<div class=\"elementor-widget-container\">\n\t\t\t\t\t\t\t<div class=\"elementor-spacer\">\n\t\t\t<div class=\"elementor-spacer-inner\"><\/div>\n\t\t<\/div>\n\t\t\t\t\t\t<\/div>\n\t\t\t\t<\/div>\n\t\t\t\t\t<\/div>\n\t\t<\/div>\n\t\t\t\t\t<\/div>\n\t\t<\/section>\n\t\t\t\t<section class=\"elementor-section elementor-top-section elementor-element elementor-element-5b0673bb elementor-section-boxed elementor-section-height-default elementor-section-height-default\" data-id=\"5b0673bb\" data-element_type=\"section\" data-e-type=\"section\">\n\t\t\t\t\t\t<div class=\"elementor-container elementor-column-gap-default\">\n\t\t\t\t\t<div class=\"elementor-column elementor-col-25 elementor-top-column elementor-element elementor-element-298ad88e\" data-id=\"298ad88e\" data-element_type=\"column\" data-e-type=\"column\">\n\t\t\t<div class=\"elementor-widget-wrap elementor-element-populated\">\n\t\t\t\t\t\t<div class=\"elementor-element elementor-element-12d46f05 premium-lq__none elementor-widget elementor-widget-premium-addon-button\" data-id=\"12d46f05\" data-element_type=\"widget\" data-e-type=\"widget\" data-widget_type=\"premium-addon-button.default\">\n\t\t\t\t<div class=\"elementor-widget-container\">\n\t\t\t\t\t\n\n\t\t<a class=\"premium-button premium-button-none premium-btn-md premium-button-none\" href=\"https:\/\/gsd-eu.org\/outputs\/\">\n\t\t\t<div class=\"premium-button-text-icon-wrapper\">\n\t\t\t\t\n\t\t\t\t\t\t\t\t\t<span >\n\t\t\t\t\t\tBack\t\t\t\t\t<\/span>\n\t\t\t\t\t\t\t<\/div>\n\n\t\t\t\n\t\t\t\n\t\t\t\n\t\t<\/a>\n\n\n\t\t\t\t\t\t<\/div>\n\t\t\t\t<\/div>\n\t\t\t\t\t<\/div>\n\t\t<\/div>\n\t\t\t\t<div class=\"elementor-column elementor-col-25 elementor-top-column elementor-element elementor-element-5bcf58eb\" data-id=\"5bcf58eb\" data-element_type=\"column\" data-e-type=\"column\">\n\t\t\t<div class=\"elementor-widget-wrap\">\n\t\t\t\t\t\t\t<\/div>\n\t\t<\/div>\n\t\t\t\t<div class=\"elementor-column elementor-col-50 elementor-top-column elementor-element elementor-element-21321211\" data-id=\"21321211\" data-element_type=\"column\" data-e-type=\"column\">\n\t\t\t<div class=\"elementor-widget-wrap\">\n\t\t\t\t\t\t\t<\/div>\n\t\t<\/div>\n\t\t\t\t\t<\/div>\n\t\t<\/section>\n\t\t\t\t<\/div>\n\t\t","protected":false},"excerpt":{"rendered":"<p>Sustainable Entrepreneurship 2030 Sustainable Entrepreneurship 2030 is a program for sustainable business development in Upplandsbygd&#8217;s catchment area. The program is aimed at entrepreneurs in Upplandsbygd who have ambitions to develop not only socially and economically, but also in a way that strengthens ecosystems. Read more Purpose The purpose of the project is to strengthen sustainable [&hellip;]<\/p>\n","protected":false},"author":3,"featured_media":0,"parent":0,"menu_order":0,"comment_status":"closed","ping_status":"closed","template":"","meta":{"footnotes":""},"q21pr_SDG":[],"q21_community_exp":[],"q21_sdg_student":[],"class_list":["post-1853","page","type-page","status-publish","hentry"],"blocksy_meta":{"styles_descriptor":{"styles":{"desktop":"","tablet":"","mobile":""},"google_fonts":[],"version":6}},"_links":{"self":[{"href":"https:\/\/disc-eu.org\/index.php\/wp-json\/wp\/v2\/pages\/1853","targetHints":{"allow":["GET"]}}],"collection":[{"href":"https:\/\/disc-eu.org\/index.php\/wp-json\/wp\/v2\/pages"}],"about":[{"href":"https:\/\/disc-eu.org\/index.php\/wp-json\/wp\/v2\/types\/page"}],"author":[{"embeddable":true,"href":"https:\/\/disc-eu.org\/index.php\/wp-json\/wp\/v2\/users\/3"}],"replies":[{"embeddable":true,"href":"https:\/\/disc-eu.org\/index.php\/wp-json\/wp\/v2\/comments?post=1853"}],"version-history":[{"count":0,"href":"https:\/\/disc-eu.org\/index.php\/wp-json\/wp\/v2\/pages\/1853\/revisions"}],"wp:attachment":[{"href":"https:\/\/disc-eu.org\/index.php\/wp-json\/wp\/v2\/media?parent=1853"}],"wp:term":[{"taxonomy":"q21pr_SDG","embeddable":true,"href":"https:\/\/disc-eu.org\/index.php\/wp-json\/wp\/v2\/q21pr_SDG?post=1853"},{"taxonomy":"q21_community_exp","embeddable":true,"href":"https:\/\/disc-eu.org\/index.php\/wp-json\/wp\/v2\/q21_community_exp?post=1853"},{"taxonomy":"q21_sdg_student","embeddable":true,"href":"https:\/\/disc-eu.org\/index.php\/wp-json\/wp\/v2\/q21_sdg_student?post=1853"}],"curies":[{"name":"wp","href":"https:\/\/api.w.org\/{rel}","templated":true}]}}