{"id":1892,"date":"2023-08-03T11:56:47","date_gmt":"2023-08-03T11:56:47","guid":{"rendered":"https:\/\/gsd-eu.org\/?page_id=1892"},"modified":"2023-08-03T11:56:47","modified_gmt":"2023-08-03T11:56:47","slug":"eco-tourism","status":"publish","type":"page","link":"https:\/\/disc-eu.org\/index.php\/eco-tourism\/","title":{"rendered":"Eco-Tourism"},"content":{"rendered":"\t\t<div data-elementor-type=\"wp-page\" data-elementor-id=\"1892\" class=\"elementor elementor-1892\">\n\t\t\t\t\t\t<section class=\"elementor-section elementor-top-section elementor-element elementor-element-46dcbdd elementor-section-boxed elementor-section-height-default elementor-section-height-default\" data-id=\"46dcbdd\" data-element_type=\"section\" data-e-type=\"section\">\n\t\t\t\t\t\t<div class=\"elementor-container elementor-column-gap-default\">\n\t\t\t\t\t<div class=\"elementor-column elementor-col-50 elementor-top-column elementor-element elementor-element-12084370\" data-id=\"12084370\" data-element_type=\"column\" data-e-type=\"column\">\n\t\t\t<div class=\"elementor-widget-wrap elementor-element-populated\">\n\t\t\t\t\t\t<div class=\"elementor-element elementor-element-553dd2ec elementor-widget elementor-widget-heading\" data-id=\"553dd2ec\" data-element_type=\"widget\" data-e-type=\"widget\" data-widget_type=\"heading.default\">\n\t\t\t\t<div class=\"elementor-widget-container\">\n\t\t\t\t\t<h3 class=\"elementor-heading-title elementor-size-default\">Eco-Tourism - Active Tourism for Sustainable Use of Natural Heritage at the Lithuania - Poland Border<\/h3>\t\t\t\t<\/div>\n\t\t\t\t<\/div>\n\t\t\t\t<div class=\"elementor-element elementor-element-5d647dd2 elementor-widget-divider--view-line elementor-widget elementor-widget-divider\" data-id=\"5d647dd2\" data-element_type=\"widget\" data-e-type=\"widget\" data-widget_type=\"divider.default\">\n\t\t\t\t<div class=\"elementor-widget-container\">\n\t\t\t\t\t\t\t<div class=\"elementor-divider\">\n\t\t\t<span class=\"elementor-divider-separator\">\n\t\t\t\t\t\t<\/span>\n\t\t<\/div>\n\t\t\t\t\t\t<\/div>\n\t\t\t\t<\/div>\n\t\t\t\t\t<\/div>\n\t\t<\/div>\n\t\t\t\t<div class=\"elementor-column elementor-col-50 elementor-top-column elementor-element elementor-element-33533334\" data-id=\"33533334\" data-element_type=\"column\" data-e-type=\"column\">\n\t\t\t<div class=\"elementor-widget-wrap elementor-element-populated\">\n\t\t\t\t\t\t<div class=\"elementor-element elementor-element-71b8e1fc elementor-widget elementor-widget-image\" data-id=\"71b8e1fc\" data-element_type=\"widget\" data-e-type=\"widget\" data-widget_type=\"image.default\">\n\t\t\t\t<div class=\"elementor-widget-container\">\n\t\t\t\t\t\t\t\t\t\t\t\t\t\t\t<img decoding=\"async\" src=\"https:\/\/gsd-eu.org\/wp-content\/uploads\/2023\/08\/eco-tourism-logo.png\" title=\"\" alt=\"\" loading=\"lazy\" \/>\t\t\t\t\t\t\t\t\t\t\t\t\t\t\t<\/div>\n\t\t\t\t<\/div>\n\t\t\t\t\t<\/div>\n\t\t<\/div>\n\t\t\t\t\t<\/div>\n\t\t<\/section>\n\t\t\t\t<section class=\"elementor-section elementor-top-section elementor-element elementor-element-7e50df6 elementor-section-boxed elementor-section-height-default elementor-section-height-default\" data-id=\"7e50df6\" data-element_type=\"section\" data-e-type=\"section\">\n\t\t\t\t\t\t<div class=\"elementor-container elementor-column-gap-default\">\n\t\t\t\t\t<div class=\"elementor-column elementor-col-50 elementor-top-column elementor-element elementor-element-174426c4\" data-id=\"174426c4\" data-element_type=\"column\" data-e-type=\"column\">\n\t\t\t<div class=\"elementor-widget-wrap elementor-element-populated\">\n\t\t\t\t\t\t<div class=\"elementor-element elementor-element-4e3ef821 elementor-widget elementor-widget-image\" data-id=\"4e3ef821\" data-element_type=\"widget\" data-e-type=\"widget\" data-widget_type=\"image.default\">\n\t\t\t\t<div class=\"elementor-widget-container\">\n\t\t\t\t\t\t\t\t\t\t\t\t\t\t\t<img decoding=\"async\" src=\"https:\/\/gsd-eu.org\/wp-content\/uploads\/2023\/08\/eco-tourism-3.png\" title=\"\" alt=\"\" loading=\"lazy\" \/>\t\t\t\t\t\t\t\t\t\t\t\t\t\t\t<\/div>\n\t\t\t\t<\/div>\n\t\t\t\t\t<\/div>\n\t\t<\/div>\n\t\t\t\t<div class=\"elementor-column elementor-col-50 elementor-top-column elementor-element elementor-element-6d16906b\" data-id=\"6d16906b\" data-element_type=\"column\" data-e-type=\"column\">\n\t\t\t<div class=\"elementor-widget-wrap elementor-element-populated\">\n\t\t\t\t\t\t<div class=\"elementor-element elementor-element-1edbc8da elementor-widget elementor-widget-text-editor\" data-id=\"1edbc8da\" data-element_type=\"widget\" data-e-type=\"widget\" data-widget_type=\"text-editor.default\">\n\t\t\t\t<div class=\"elementor-widget-container\">\n\t\t\t\t\t\t\t\t\t<p>Project \u201cActive tourism for sustainable use of natural heritage of the cross-border cooperation area\u201d involves two partners from Lithuania-Poland cross-border area \u2013 Jonava District Municipality administration and Sejny Municipality.<\/p><p>Tourism industry is facing challenges these days and solutions to them could sustainable tourism development in the cross-border area, promoting environmentally friendly, nature-based tourism and active lifestyle for the benefit of human health. For this reason the project for active tourism infrastructure development is initiated. Active Tourism is a new travelling philosophy that combines adventure, ecotourism and cultural aspects of a discovery tours. Active tourism in the cross-border area will be a novel initiative, which will help to attract tourists and individuals who travel to participate in active entertainment. Objective of the project is to stimulate the growth of tourism by developing infrastructure of active tourism in Jonava and Sejny in order to increase attractiveness of cross-border area. Because of newly developed tourism infrastructure the natural heritage of the cross-border region will be highlighted, active lifestyle will be promoted through experiencing adventures that includes physical activity, a cultural exchange and connection with nature. The project will be in line with sustainable development principle as it will achieve positive effect in economic, social and environmental areas of influence.<\/p>\t\t\t\t\t\t\t\t<\/div>\n\t\t\t\t<\/div>\n\t\t\t\t\t<\/div>\n\t\t<\/div>\n\t\t\t\t\t<\/div>\n\t\t<\/section>\n\t\t\t\t<section class=\"elementor-section elementor-top-section elementor-element elementor-element-4eb24c90 elementor-section-boxed elementor-section-height-default elementor-section-height-default\" data-id=\"4eb24c90\" data-element_type=\"section\" data-e-type=\"section\">\n\t\t\t\t\t\t<div class=\"elementor-container elementor-column-gap-default\">\n\t\t\t\t\t<div class=\"elementor-column elementor-col-100 elementor-top-column elementor-element elementor-element-318a65b9\" data-id=\"318a65b9\" data-element_type=\"column\" data-e-type=\"column\">\n\t\t\t<div class=\"elementor-widget-wrap elementor-element-populated\">\n\t\t\t\t\t\t<div class=\"elementor-element elementor-element-b19e5b0 elementor-widget-divider--view-line elementor-widget elementor-widget-divider\" data-id=\"b19e5b0\" data-element_type=\"widget\" data-e-type=\"widget\" data-widget_type=\"divider.default\">\n\t\t\t\t<div class=\"elementor-widget-container\">\n\t\t\t\t\t\t\t<div class=\"elementor-divider\">\n\t\t\t<span class=\"elementor-divider-separator\">\n\t\t\t\t\t\t<\/span>\n\t\t<\/div>\n\t\t\t\t\t\t<\/div>\n\t\t\t\t<\/div>\n\t\t\t\t<div class=\"elementor-element elementor-element-f341c98 elementor-widget elementor-widget-eael-adv-tabs\" data-id=\"f341c98\" data-element_type=\"widget\" data-e-type=\"widget\" data-widget_type=\"eael-adv-tabs.default\">\n\t\t\t\t<div class=\"elementor-widget-container\">\n\t\t\t\t\t        <div data-scroll-on-click=\"no\" data-scroll-speed=\"300\" id=\"eael-advance-tabs-f341c98\" class=\"eael-advance-tabs eael-tabs-horizontal eael-tab-auto-active \" data-tabid=\"f341c98\">\n            <div class=\"eael-tabs-nav \">\n                <ul class=\"eael-tab-inline-icon\" role=\"tablist\">\n                                            <li id=\"more-info\" class=\"inactive eael-tab-item-trigger eael-tab-nav-item\" aria-selected=\"true\" data-tab=\"1\" role=\"tab\" tabindex=\"0\" aria-controls=\"more-info-tab\" aria-expanded=\"false\">\n                            \n                                                                <i class=\"fas fa-info-circle\"><\/i>                                                            \n                                                            <span class=\"eael-tab-title title-after-icon\" >More Info<\/span>                            \n                                                    <\/li>\n                                            <li id=\"gallery\" class=\"inactive eael-tab-item-trigger eael-tab-nav-item\" aria-selected=\"false\" data-tab=\"2\" role=\"tab\" tabindex=\"-1\" aria-controls=\"gallery-tab\" aria-expanded=\"false\">\n                            \n                                                                <i class=\"fas fa-images\"><\/i>                                                            \n                                                            <span class=\"eael-tab-title title-after-icon\" >Gallery<\/span>                            \n                                                    <\/li>\n                                            <li id=\"video\" class=\"inactive eael-tab-item-trigger eael-tab-nav-item\" aria-selected=\"false\" data-tab=\"3\" role=\"tab\" tabindex=\"-1\" aria-controls=\"video-tab\" aria-expanded=\"false\">\n                            \n                                                                <i class=\"fas fa-video\"><\/i>                                                            \n                                                            <span class=\"eael-tab-title title-after-icon\" >Video<\/span>                            \n                                                    <\/li>\n                                            <li id=\"contact\" class=\"inactive eael-tab-item-trigger eael-tab-nav-item\" aria-selected=\"false\" data-tab=\"4\" role=\"tab\" tabindex=\"-1\" aria-controls=\"contact-tab\" aria-expanded=\"false\">\n                            \n                                                                <i class=\"fas fa-address-card\"><\/i>                                                            \n                                                            <span class=\"eael-tab-title title-after-icon\" >Contact<\/span>                            \n                                                    <\/li>\n                    \n                                  <\/ul>\n            <\/div>\n            \n            <div class=\"eael-tabs-content\">\n\t\t        \n                    <div id=\"more-info-tab\" class=\"clearfix eael-tab-content-item inactive\" data-title-link=\"more-info-tab\">\n\t\t\t\t        <p><span style=\"text-decoration: underline\">Challenge<\/span><\/p><p><span style=\"font-weight: 400\">The Polish-Lithuanian border is<\/span><\/p><p><span style=\"font-weight: 400\">the most sparsely populated peripheral areas of Europe areas of the European Union. The region faces a number of social and economic challenges.\u00a0<\/span><\/p><p><span style=\"font-weight: 400\">In order to make a change ,it was recognized that the Jonava district and Seinai have a number of diverse infrastructure suitable for the development of active tourism, which can be used to access cultural, historical and Objects.<\/span><\/p><p><span style=\"font-weight: 400\">Also, tourism is facing challenges these days, and the solutions to these challenges could lead to a sustainable development of tourism in the border region, promoting eco-tourism, nature-based tourism and active lifestyles for people&#8217;s health. Active tourism is a new travel philosophy combining adventure, ecotourism and the cultural aspects of discovery tours.<\/span><\/p><p><span style=\"text-decoration: underline\">Target group<\/span><\/p><p><span style=\"font-weight: 400\">Any tourist &#8211; a diverse audience in terms of age, gender and interests.<\/span><\/p><p><span style=\"text-decoration: underline\">Solution<\/span><\/p><p><span style=\"font-weight: 400\">Offer initiatives to discover region on foot, by bike or from the water. To do this, 6 common service packages, maps highlighting mapping out a series of maps and points of interest, thematically linking certain services.<\/span><\/p><p><span style=\"text-decoration: underline\">Innovation<\/span><\/p><p><span style=\"font-weight: 400\">Pleasures of the senses, pleasurable fatigue, Baltic treasures, natural landscapes, discovering diversity, wild weekend &#8211; these are the thematic groups that connect different experiences in the Baltic Sea region.\u00a0<\/span><\/p><p><span style=\"font-weight: 400\">Initiatives to promote the Lithuanian-Polish border region include <\/span><b>events, seminars and\u00a0 information events <\/b><span style=\"font-weight: 400\">offering a variety of entertainment, aiming to attract the widest possible audience in terms of age, gender and interests.<\/span><\/p><p><span style=\"text-decoration: underline\">Unique Selling Point<\/span><\/p><p><span style=\"font-weight: 400\">Created a map of active tourism<\/span><\/p><p><span style=\"font-weight: 400\">\u00a0Infrastructure in the region. It includes cultural and natural objects; hiking and biking routes; descriptions and explanations on its relation to SDG.<\/span><\/p><p><span style=\"text-decoration: underline\">Impact<\/span><\/p><p><span style=\"font-weight: 400\">The Lithuanian-Polish border region has become an attractive place to visit and explore.<\/span><\/p><p><span style=\"text-decoration: underline\">Feasibility \/ Transferability<\/span><\/p><p><span style=\"font-weight: 400\">Easily transferable to any other place in the world.<\/span><\/p>                    <\/div>\n\t\t        \n                    <div id=\"gallery-tab\" class=\"clearfix eael-tab-content-item inactive\" data-title-link=\"gallery-tab\">\n\t\t\t\t                            <\/div>\n\t\t        \n                    <div id=\"video-tab\" class=\"clearfix eael-tab-content-item inactive\" data-title-link=\"video-tab\">\n\t\t\t\t        <iframe width=\"1257\" height=\"707\" src=\"https:\/\/www.youtube.com\/embed\/bR18oa5L8cQ\" title=\"Kaln\u0173 dvira\u010di\u0173 parko atidarymo kvietimas\" allowfullscreen><\/iframe>                    <\/div>\n\t\t        \n                    <div id=\"contact-tab\" class=\"clearfix eael-tab-content-item inactive\" data-title-link=\"contact-tab\">\n\t\t\t\t        <p><span style=\"font-weight: 400\">Jonava district municipality<\/span><\/p><p><span style=\"font-weight: 400\">Contacts:<\/span><\/p><p><span style=\"font-weight: 400\">\u00a0+370 349 50 154<\/span><\/p><p><a href=\"mailto:administracija@jonava.lt\"><span style=\"font-weight: 400\">administracija@jonava.lt<\/span><\/a><\/p><p><span style=\"font-weight: 400\">https:\/\/www.jonava.lt\/en<\/span><\/p>                    <\/div>\n\t\t                    <\/div>\n        <\/div>\n\t\t\t\t<\/div>\n\t\t\t\t<\/div>\n\t\t\t\t\t<\/div>\n\t\t<\/div>\n\t\t\t\t\t<\/div>\n\t\t<\/section>\n\t\t\t\t<section class=\"elementor-section elementor-top-section elementor-element elementor-element-aa83a12 elementor-section-boxed elementor-section-height-default elementor-section-height-default\" data-id=\"aa83a12\" data-element_type=\"section\" data-e-type=\"section\">\n\t\t\t\t\t\t<div class=\"elementor-container elementor-column-gap-default\">\n\t\t\t\t\t<div class=\"elementor-column elementor-col-100 elementor-top-column elementor-element elementor-element-30ff62e\" data-id=\"30ff62e\" data-element_type=\"column\" data-e-type=\"column\">\n\t\t\t<div class=\"elementor-widget-wrap elementor-element-populated\">\n\t\t\t\t\t\t<div class=\"elementor-element elementor-element-488902d1 elementor-widget elementor-widget-progress\" data-id=\"488902d1\" data-element_type=\"widget\" data-e-type=\"widget\" data-widget_type=\"progress.default\">\n\t\t\t\t<div class=\"elementor-widget-container\">\n\t\t\t\t\t\t\t\t<span class=\"elementor-title\" id=\"elementor-progress-bar-488902d1\">\n\t\t\t\tIdea\t\t\t<\/span>\n\t\t\n\t\t<div aria-labelledby=\"elementor-progress-bar-488902d1\" class=\"elementor-progress-wrapper progress-success\" role=\"progressbar\" aria-valuemin=\"0\" aria-valuemax=\"100\" aria-valuenow=\"82\" aria-valuetext=\"82% (Potential)\">\n\t\t\t<div class=\"elementor-progress-bar\" data-max=\"82\">\n\t\t\t\t<span class=\"elementor-progress-text\">Potential<\/span>\n\t\t\t\t\t\t\t\t\t<span class=\"elementor-progress-percentage\">82%<\/span>\n\t\t\t\t\t\t\t<\/div>\n\t\t<\/div>\n\t\t\t\t\t\t<\/div>\n\t\t\t\t<\/div>\n\t\t\t\t<div class=\"elementor-element elementor-element-2e532756 elementor-widget elementor-widget-spacer\" data-id=\"2e532756\" data-element_type=\"widget\" data-e-type=\"widget\" data-widget_type=\"spacer.default\">\n\t\t\t\t<div class=\"elementor-widget-container\">\n\t\t\t\t\t\t\t<div class=\"elementor-spacer\">\n\t\t\t<div class=\"elementor-spacer-inner\"><\/div>\n\t\t<\/div>\n\t\t\t\t\t\t<\/div>\n\t\t\t\t<\/div>\n\t\t\t\t\t<\/div>\n\t\t<\/div>\n\t\t\t\t\t<\/div>\n\t\t<\/section>\n\t\t\t\t<section class=\"elementor-section elementor-top-section elementor-element elementor-element-561c3628 elementor-section-boxed elementor-section-height-default elementor-section-height-default\" data-id=\"561c3628\" data-element_type=\"section\" data-e-type=\"section\">\n\t\t\t\t\t\t<div class=\"elementor-container elementor-column-gap-default\">\n\t\t\t\t\t<div class=\"elementor-column elementor-col-25 elementor-top-column elementor-element elementor-element-51754bde\" data-id=\"51754bde\" data-element_type=\"column\" data-e-type=\"column\">\n\t\t\t<div class=\"elementor-widget-wrap elementor-element-populated\">\n\t\t\t\t\t\t<div class=\"elementor-element elementor-element-2155acf premium-lq__none elementor-widget elementor-widget-premium-addon-button\" data-id=\"2155acf\" data-element_type=\"widget\" data-e-type=\"widget\" data-widget_type=\"premium-addon-button.default\">\n\t\t\t\t<div class=\"elementor-widget-container\">\n\t\t\t\t\t\n\n\t\t<a class=\"premium-button premium-button-none premium-btn-md premium-button-none\" href=\"https:\/\/gsd-eu.org\/outputs\/\">\n\t\t\t<div class=\"premium-button-text-icon-wrapper\">\n\t\t\t\t\n\t\t\t\t\t\t\t\t\t<span >\n\t\t\t\t\t\tBack\t\t\t\t\t<\/span>\n\t\t\t\t\t\t\t<\/div>\n\n\t\t\t\n\t\t\t\n\t\t\t\n\t\t<\/a>\n\n\n\t\t\t\t\t\t<\/div>\n\t\t\t\t<\/div>\n\t\t\t\t\t<\/div>\n\t\t<\/div>\n\t\t\t\t<div class=\"elementor-column elementor-col-25 elementor-top-column elementor-element elementor-element-375fc491\" data-id=\"375fc491\" data-element_type=\"column\" data-e-type=\"column\">\n\t\t\t<div class=\"elementor-widget-wrap\">\n\t\t\t\t\t\t\t<\/div>\n\t\t<\/div>\n\t\t\t\t<div class=\"elementor-column elementor-col-50 elementor-top-column elementor-element elementor-element-7da96f00\" data-id=\"7da96f00\" data-element_type=\"column\" data-e-type=\"column\">\n\t\t\t<div class=\"elementor-widget-wrap\">\n\t\t\t\t\t\t\t<\/div>\n\t\t<\/div>\n\t\t\t\t\t<\/div>\n\t\t<\/section>\n\t\t\t\t<\/div>\n\t\t","protected":false},"excerpt":{"rendered":"<p>Eco-Tourism Active Tourism for Sustainable Use of Natural Heritage at the Lithuania -Poland Border Project \u201cActive tourism for sustainable use of natural heritage of the cross-border cooperation area\u201d involves two partners from Lithuania-Poland cross-border area \u2013 Jonava District Municipality administration and Sejny Municipality. Read more Tourism industry is facing challenges these days and solutions to [&hellip;]<\/p>\n","protected":false},"author":3,"featured_media":0,"parent":0,"menu_order":0,"comment_status":"closed","ping_status":"closed","template":"","meta":{"footnotes":""},"q21pr_SDG":[],"q21_community_exp":[],"q21_sdg_student":[],"class_list":["post-1892","page","type-page","status-publish","hentry"],"blocksy_meta":{"styles_descriptor":{"styles":{"desktop":"","tablet":"","mobile":""},"google_fonts":[],"version":6}},"_links":{"self":[{"href":"https:\/\/disc-eu.org\/index.php\/wp-json\/wp\/v2\/pages\/1892","targetHints":{"allow":["GET"]}}],"collection":[{"href":"https:\/\/disc-eu.org\/index.php\/wp-json\/wp\/v2\/pages"}],"about":[{"href":"https:\/\/disc-eu.org\/index.php\/wp-json\/wp\/v2\/types\/page"}],"author":[{"embeddable":true,"href":"https:\/\/disc-eu.org\/index.php\/wp-json\/wp\/v2\/users\/3"}],"replies":[{"embeddable":true,"href":"https:\/\/disc-eu.org\/index.php\/wp-json\/wp\/v2\/comments?post=1892"}],"version-history":[{"count":0,"href":"https:\/\/disc-eu.org\/index.php\/wp-json\/wp\/v2\/pages\/1892\/revisions"}],"wp:attachment":[{"href":"https:\/\/disc-eu.org\/index.php\/wp-json\/wp\/v2\/media?parent=1892"}],"wp:term":[{"taxonomy":"q21pr_SDG","embeddable":true,"href":"https:\/\/disc-eu.org\/index.php\/wp-json\/wp\/v2\/q21pr_SDG?post=1892"},{"taxonomy":"q21_community_exp","embeddable":true,"href":"https:\/\/disc-eu.org\/index.php\/wp-json\/wp\/v2\/q21_community_exp?post=1892"},{"taxonomy":"q21_sdg_student","embeddable":true,"href":"https:\/\/disc-eu.org\/index.php\/wp-json\/wp\/v2\/q21_sdg_student?post=1892"}],"curies":[{"name":"wp","href":"https:\/\/api.w.org\/{rel}","templated":true}]}}